 Let l(a) = -16*n(a) - 5*u(a). What is l(i)?
2
Let t(g) be the first derivative of g**2/2 - 4*g - 12. Give t(5).
1
Let x = 4 - 6. Let m(a) = -a**2 + 2*a - 9. Let d(v) = 3*v**2 - 4*v + 20. Let p(i) = -4*d(i) - 9*m(i). Determine p(x).
-7
Let a(d) = -9*d**2 + 1. Let x = 23 - 25. Let w be -3 + x/(-1) + 2. What is a(w)?
-8
Let a(r) = -r - 11. Let j(m) = -15*m**3 - m**2 + m. Let z = -5 + 6. Let y be j(z). Let f = y + 9. Give a(f).
-5
Let v(u) = u**2 - 2*u - 1. Let x(c) = -c**2 - 1. Let k(g) = -v(g) - 2*x(g). Determine k(-4).
11
Let z(m) = -16*m + 61. Let q(k) = -3*k + 12. Let j(c) = 11*q(c) - 2*z(c). What is j(-7)?
17
Let s be (-1)/((-4)/20) + -4. Let l(p) = -7*p. Let a(y) = -8*y. Let n(g) = 6*a(g) - 7*l(g). What is n(s)?
1
Let f(k) = 4*k**3 + 3*k**2 - 2*k + 4. Let a(b) = b**3 + 1. Let v(q) = -3*a(q) + f(q). What is v(-3)?
7
Let i(m) = 3*m + 43. Let v be i(-16). Let u(h) = h**3 + 5*h**2 - 2*h + 1. Calculate u(v).
11
Let o(s) = 1 - 2*s**2 - 6*s + 2*s + 0. Determine o(-3).
-5
Suppose u - 5*u - 6 = 3*y, 0 = 4*y + 8. Let w be u/((3 - 6)/3). Let p(v) = -v**2 + v - 8. Calculate p(w).
-8
Let q be 0/(1/(2/(-2))). Suppose -5*w + 3*a + 19 = 0, 2*w + a + 2 - 14 = q. Suppose c = w - 2. Let y(s) = -2*s**2 + 3*s + 3. What is y(c)?
-6
Let p(l) be the second derivative of -l**6/240 + l**5/20 + l**4/12 - 3*l. Let s(n) be the third derivative of p(n). Determine s(4).
-6
Suppose 2*y + 6 = -y. Suppose 7 = -m + 4*x, 0 = -2*m - 5*x + 6 + 6. Let a(g) = -1. Let j(l) = l - 5. Let r(k) = m*j(k) + y*a(k). What is r(5)?
2
Let d(v) = v**2 + 5*v - 3. Suppose -4*z + 4 = -5*u, 3*z + 3*u = -36 + 12. What is d(z)?
-7
Let g = -46 + 39. Let q(a) = -a**3 - 7*a**2 - 2. Give q(g).
-2
Let f be ((0 - 0) + (2 - 3))*11. Let a(j) = -j**2 - 12*j - 16. Calculate a(f).
-5
Let r(d) be the second derivative of 2*d**3/3 + 3*d**2/2 + 4*d. Calculate r(-2).
-5
Let q(z) = z**3 + 4*z**2 + 3*z - 2. Suppose 3*b + 3 = 0, -1 = -2*j - 5*b - 12. What is q(j)?
-2
Suppose 2 = -p - 3. Let u(l) be the second derivative of -l**4/12 - 7*l**3/6 - 7*l**2/2 - 3*l. Calculate u(p).
3
Let k(x) = x**3 - x**2 - 4*x. Suppose 5*s + 35 = 5*d, -4*s + d + 1 = 26. Let o = s + 9. What is k(o)?
6
Let l(j) = 5*j**2 - 5*j - 3. Let g(s) = -14*s**2 + 15*s + 9. Let c(b) = -4*g(b) - 11*l(b). Suppose -2*x + 1 = -4*v - 5, 2*x = v + 9. Calculate c(x).
-3
Let c(p) = -p**3 - p - 5. Let l(f) = f - 1. Let d be l(3). Suppose -q - 12 = -5*m - 5, -d*q = 4*m - 14. Suppose -2*v = m*t + 2, -v - 4 + 3 = 0. Calculate c(t).
-5
Suppose 3*y - 64 = -y + 4*m, -2*m + 13 = y. Let l be 8/(-5) + (-6)/y. Let h(n) = n**3 + 3*n**2 + 3*n. Determine h(l).
-2
Let b(t) = -8*t**2 + 7*t. Let y(p) = p. Let u(j) = j**3 + 4*j**2 + 2*j + 3. Let i = -7 - -4. Let n be u(i). Let m(r) = n*y(r) - b(r). Determine m(1).
7
Suppose 0 = -3*l - 2*l. Let r(a) = -a - 7. Calculate r(l).
-7
Let y(n) = -n - 4. Let g(x) = -x**2 - 13*x - 4. Let u be g(-13). Give y(u).
0
Let n(q) = 3*q**2 + 3*q. Let m(p) = -2*p**2 - 2*p. Let i be (3/12 - 2)*-4. Suppose -12 = -3*h, -2*k + 4*h - 41 = -i*k. Let l(w) = k*m(w) + 3*n(w). Give l(0).
0
Let d(q) = -q**2 + 8*q + 9. Let x(u) = u**2 - 7*u - 8. Let g(r) = 5*d(r) + 6*x(r). Suppose 3 + 9 = -3*o - 2*s, -5*o = -s + 7. What is g(o)?
5
Let m be (-10)/4 - (-2)/4. Let n be (15/6)/((-1)/m). Let v(o) be the first derivative of -o**4/4 + 5*o**3/3 + o**2/2 - 7*o - 19. Calculate v(n).
-2
Suppose -1 + 3 = -q. Let k(m) be the third derivative of m**2 + 1/6*m**3 - 1/20*m**5 + 0*m - 1/12*m**4 + 0. Calculate k(q).
-7
Let g(m) = 7*m**2 + 159*m - 2*m**2 - m**3 - 162*m + 4. Let a(f) = f**2 + 2. Let w be a(0). Suppose l + 3*r = -5, -5*l + w*r = -9 - 17. Calculate g(l).
8
Suppose -2*q = -5*q + 15. Suppose 0 = -5*x + q + 5. Suppose x*u + u = -9. Let p(j) = j**3 + 3*j**2 + j + 4. Determine p(u).
1
Suppose 2*i = 3*u + 6, 3*u = -0*i + 4*i - 12. Let l(y) = -5 + y**2 + 3 - i - y. Give l(4).
7
Let m(v) = -v**3 - 3*v**2 - 3*v + 4. Suppose -3*y = -3 + 12. Calculate m(y).
13
Let t be (-3 - -7)/8*-4. Let o(v) = -5*v**3 + 4*v**2 - v - 5. Let c(f) = f**3 - f**2 + 1. Let j(l) = t*o(l) - 9*c(l). Calculate j(-2).
-7
Let a(d) = -d + 1. Let i be a(-1). Suppose 5*y + m - i = 2, -8 = -5*y - 2*m. Let r(c) be the first derivative of c**4/4 - c**2/2 + c + 354. Calculate r(y).
1
Suppose 5*j = 5*r - 15 + 5, j + 5*r = 28. Let w(a) be the first derivative of a + 1 - 1/3*a**j + 0*a**2. Calculate w(-1).
0
Let j(d) = d**2 - 2*d - 4. Let n be (-1*(-18)/24)/((-1)/(-4)). What is j(n)?
-1
Let t be (-2 - -2)/(-4 + 2). Let q = 2 - t. Let w(n) = -n**3 + n**2 - n - 1. Let r(m) = -4*m**3 + 2*m**2 - 2*m - 5. Let u(d) = -r(d) + 5*w(d). Give u(q).
-2
Let k(i) = i**2 + i - 11. Let c = -32 - -32. Determine k(c).
-11
Suppose -3*o - 14 = -4*q, 0 = -2*o - 0*q - 3*q - 15. Let p(h) be the first derivative of h**4/4 + 5*h**3/3 - 4*h**2 - 6*h - 9. Calculate p(o).
6
Let d(c) = c**3 + 4*c**2 - 7*c - 5. Let p(h) = 2 + h**2 + 4*h**2 - 4*h**2 + 3*h. Let l be p(-3). Let g(t) = -4*t + 3. Let y be g(l). What is d(y)?
5
Let g(i) = 6 - 8 - 4*i**2 + 8*i**2 + 4*i - 1. Give g(2).
21
Suppose 2 = 3*p + 2. Let d(z) = z**3 - 14. Determine d(p).
-14
Let j(n) be the second derivative of -n**5/5 + n**2/2 - 35*n. Determine j(1).
-3
Let r = -1 + 6. Let s(u) = 4*u + 3. Let m(t) = -7*t - 5. Let o(x) = r*s(x) + 3*m(x). Let l be (-4)/(-14) + 4/(-14). Determine o(l).
0
Let f(w) = 2*w**2 + 13*w - 3. Let s(j) = -j**2 - 6*j + 1. Let d(m) = 4*f(m) + 9*s(m). Suppose 0 = 226*b - 227*b - 2. Calculate d(b).
-3
Suppose 3*t - 62 = -50. Let j(m) be the third derivative of -m**6/120 + m**5/15 + m**3/3 - m**2. Give j(t).
2
Let r(y) = 4*y - 3. Suppose 5 = 4*w - 3. What is r(w)?
5
Suppose -4*a + g + 3 = 0, 3*g = -2*g + 25. Suppose 2*i + 2*i - 3*z = 2, -i = -3*z + 4. Let m(c) = 4*c + 4*c**a - 4*c**2 - i*c**2. Determine m(3).
-6
Let n be (-2)/(-3) - 1/(-3). Let g = n + 1. Let b(o) be the second derivative of o**4/12 - o**3/6 + o**2 - 7*o. Determine b(g).
4
Let q(k) be the second derivative of k**5/20 - k**4/3 - k**3/6 + 5*k**2/2 - 49*k. Determine q(4).
1
Let c(g) = 16*g**3 + 2*g + 1. Suppose 18*u = 15*u - 3. What is c(u)?
-17
Let b(p) = -2*p**2 + 3*p**3 + 3 - p**3 + 5*p + p**3 - 8*p. Determine b(2).
13
Let t(a) = a**2 + a - 2. Let f(c) = c**2 + 9*c - 2. Let q be f(-9). Determine t(q).
0
Suppose -h - 2*j - 16 = 0, -j = -0 + 4. Let l = -6 - h. Let i(x) = -11 - x - l + 3 + 2*x. Determine i(5).
-5
Suppose 4*i - 46 = -5*b, i + 2*i = 12. Let y(n) = 2*n - 7. Calculate y(b).
5
Suppose 0*y = -y + 2. Suppose -2 = -4*t + y. Let q(i) = -3*i**3 + 1. What is q(t)?
-2
Let w(o) = 3*o - 1. Suppose -4*u + 16 = 4. Suppose -3 = -2*n + u. Calculate w(n).
8
Let j = -11 + 11. Let h(b) = -5 + 5*b - 3*b + j*b. Calculate h(5).
5
Let r(y) = y**2 + 7*y + 1. Let g(f) = f**2 + 6*f + 4. Let l = -1 - 4. Let b be g(l). Let i(s) = -s. Let n(v) = b*r(v) - 5*i(v). Give n(-2).
-1
Suppose -5*n + 20 = 4*d, 3*d + 3*n + 6 - 21 = 0. Let f(s) = -d + 4*s - 1 + 4*s + 3. What is f(2)?
13
Let f(k) = -k**2 + 10*k - 7. Let p be f(9). Let r(d) = 2*d**3 - d**2 + d - 1. Calculate r(p).
13
Suppose 5*n - 3*a - 55 = 0, 2*a = -0*a + 10. Let o(z) = 34*z - 23*z - n*z - 3. Calculate o(-4).
9
Let r(w) = 3*w - 7*w - 6*w + 12*w - 1. Determine r(8).
15
Let y(l) = -l**3 + l**2 - 2. Suppose 2*r = -4*m + 18, -4*m + 5*r = -m - 7. Let n(a) = 2*a. Let p be n(3). Let j = p - m. What is y(j)?
-6
Let x(f) = -3*f + 2. Let r be x(-3). Let j = r - 7. Let d(m) = 2*m - 4. Give d(j).
4
Let y(z) = 5*z**3 - 45*z**2 - 28*z + 8. Let i(j) = j**3 - 11*j**2 - 7*j + 2. Let q(h) = 9*i(h) - 2*y(h). Determine q(-8).
-6
Let v(n) = -5*n**2 - n + 5 - 1 - 3*n**2 + 7*n**2. What is v(0)?
4
Let j(d) = -2*d + 2. Let t(m) = -5*m + 11*m - 5*m. Let k(x) = -j(x) - 3*t(x). What is k(4)?
-6
Let a(m) be the second derivative of m**3/3 - 3*m**2/2 + m + 6. Give a(2).
1
Let m(b) = -b - 25. Let p be m(-22). Let y(i) = i**2 + 3*i. Determine y(p).
0
Let s(i) = 33*i + 1 - 61*i - 3 + 27*i. Give s(4).
-6
Let y(k) be the second derivative of -k**6/720 + k**5/15 + k**4/12 + 3*k. Let f(c) be the third derivative of y(c). Give f(4).
4
Let x(j) = 0*j**3 + 4*j**3 + 0*j**3 + 5*j**2 + j + 5 - 5*j**3. Calculate x(5).
10
Let w(b) = -4*b - b + 5*b - 7 - b. Calculate w(-3).
-4
Let i(g) = 3*g - g + 0*g - 1. Determine i(2).
3
Let t(x) be the second derivative of -x**4/6 - x**2 + 4*x. Give 